{"id":4527,"date":"2017-09-18T13:58:49","date_gmt":"2017-09-18T16:58:49","guid":{"rendered":"http:\/\/www.promendoza.com\/?post_type=tribe_events&amp;p=4527"},"modified":"2017-09-18T13:58:49","modified_gmt":"2017-09-18T16:58:49","slug":"jornada-federal-de-formacion-de-pymes-agroindustriales-exportadoras","status":"publish","type":"tribe_events","link":"https:\/\/www.promendoza.com\/en\/event\/jornada-federal-de-formacion-de-pymes-agroindustriales-exportadoras\/","title":{"rendered":"Jornada Federal de Formaci\u00f3n de Pymes Agroindustriales Exportadoras"},"content":{"rendered":"<style type=\"text\/css\"><\/style><table width=\"100%\">\n<tbody>\n<tr>\n<td>\n<h3><strong><a href=\"https:\/\/docs.google.com\/forms\/d\/e\/1FAIpQLScWOmZUquCzK2fHliZ5nVqDdIuozhi5y1S-7fMTvMO53PLCRA\/viewform?c=0&amp;w=1&amp;usp=mail_form_link\">AGROPYMEX<\/a><\/strong><\/h3>\n<\/td>\n<\/tr>\n<tr>\n<td>El Ministerio de Agroindustria de la Naci\u00f3n a trav\u00e9s de la Secretar\u00eda de Mercados Agroindustriales, junto al Ministerio de Econom\u00eda, Infraestructura y Energ\u00eda de la Provincia de Mendoza y ProMendoza, los invitan a participar de AGROPYMEX, una Jornada para la transferencia de conocimientos, capacitaci\u00f3n y herramientas fundamentales para el desarrollo de las capacidades exportadoras de Micro, Peque\u00f1as y Medianas empresas agroindustriales.<\/p>\n<p><strong>PARTICIPACI\u00d3N GRATUITA<\/strong>.<br \/>\nFecha: Mi\u00e9rcoles 20 de septiembre.<br \/>\nHorario: de 8:30hs a 16:00hs.<br \/>\nLugar: Universidad Nacional de Cuyo &#8211; Centro de Informaci\u00f3n y Comunicaci\u00f3n, Cilindro Sur, Centro Universitario, Parque General San Mart\u00edn s\/n, Mendoza.<\/td>\n<\/tr>\n<tr>\n<td>\n<table width=\"100%\">\n<tbody>\n<tr>\n<td><strong><span style=\"color: #ffffff;background-color: #e0d7d7\">\u00a0 \u00a0\u00a0<a href=\"https:\/\/docs.google.com\/forms\/d\/e\/1FAIpQLScWOmZUquCzK2fHliZ5nVqDdIuozhi5y1S-7fMTvMO53PLCRA\/viewform?c=0&amp;w=1&amp;usp=mail_form_link\">COMPLETE \u00a0 ESTE \u00a0 FORMULARIO<\/a>\u00a0 <\/span>\u00a0<\/strong><\/td>\n<\/tr>\n<\/tbody>\n<\/table>\n<\/td>\n<\/tr>\n<\/tbody>\n<\/table>\n<p><strong>Para mayor informaci\u00f3n comunicarse con:<\/strong><br \/>\nNoris Rivarola<br \/>\n(0261) 4054700<br \/>\n<a href=\"mailto:promocioncomercial@promendoza.com\">promocioncomercial@promendoza.com<\/a>    \t<\/p>\n","protected":false},"excerpt":{"rendered":"<p>AGROPYMEX El Ministerio de Agroindustria de la Naci\u00f3n a trav\u00e9s de la Secretar\u00eda de Mercados Agroindustriales, junto al Ministerio de Econom\u00eda, Infraestructura y Energ\u00eda de la Provincia de Mendoza y&#8230;<\/p>\n","protected":false},"author":1,"featured_media":8242,"comment_status":"closed","ping_status":"closed","template":"","meta":[],"tags":[],"tribe_events_cat":[62],"_links":{"self":[{"href":"https:\/\/www.promendoza.com\/en\/wp-json\/wp\/v2\/tribe_events\/4527"}],"collection":[{"href":"https:\/\/www.promendoza.com\/en\/wp-json\/wp\/v2\/tribe_events"}],"about":[{"href":"https:\/\/www.promendoza.com\/en\/wp-json\/wp\/v2\/types\/tribe_events"}],"author":[{"embeddable":true,"href":"https:\/\/www.promendoza.com\/en\/wp-json\/wp\/v2\/users\/1"}],"replies":[{"embeddable":true,"href":"https:\/\/www.promendoza.com\/en\/wp-json\/wp\/v2\/comments?post=4527"}],"version-history":[{"count":0,"href":"https:\/\/www.promendoza.com\/en\/wp-json\/wp\/v2\/tribe_events\/4527\/revisions"}],"wp:featuredmedia":[{"embeddable":true,"href":"https:\/\/www.promendoza.com\/en\/wp-json\/wp\/v2\/media\/8242"}],"wp:attachment":[{"href":"https:\/\/www.promendoza.com\/en\/wp-json\/wp\/v2\/media?parent=4527"}],"wp:term":[{"taxonomy":"post_tag","embeddable":true,"href":"https:\/\/www.promendoza.com\/en\/wp-json\/wp\/v2\/tags?post=4527"},{"taxonomy":"tribe_events_cat","embeddable":true,"href":"https:\/\/www.promendoza.com\/en\/wp-json\/wp\/v2\/tribe_events_cat?post=4527"}],"curies":[{"name":"wp","href":"https:\/\/api.w.org\/{rel}","templated":true}]}}

Jornada Federal de Formación de Pymes Agroindustriales Exportadoras

<style type="text/css"></style><table width="100%">
<tbody>
<tr>
<td>
<h3><strong><a href="https://docs.google.com/forms/d/e/1FAIpQLScWOmZUquCzK2fHliZ5nVqDdIuozhi5y1S-7fMTvMO53PLCRA/viewform?c=0&amp;w=1&amp;usp=mail_form_link">AGROPYMEX</a></strong></h3>
</td>
</tr>
<tr>
<td>El Ministerio de Agroindustria de la Nación a través de la Secretaría de Mercados Agroindustriales, junto al Ministerio de Economía, Infraestructura y Energía de la Provincia de Mendoza y ProMendoza, los invitan a participar de AGROPYMEX, una Jornada para la transferencia de conocimientos, capacitación y herramientas fundamentales para el desarrollo de las capacidades exportadoras de Micro, Pequeñas y Medianas empresas agroindustriales.</p>
<p><strong>PARTICIPACIÓN GRATUITA</strong>.<br />
Fecha: Miércoles 20 de septiembre.<br />
Horario: de 8:30hs a 16:00hs.<br />
Lugar: Universidad Nacional de Cuyo &#8211; Centro de Información y Comunicación, Cilindro Sur, Centro Universitario, Parque General San Martín s/n, Mendoza.</td>
</tr>
<tr>
<td>
<table width="100%">
<tbody>
<tr>
<td><strong><span style="color: #ffffff;background-color: #e0d7d7">    <a href="https://docs.google.com/forms/d/e/1FAIpQLScWOmZUquCzK2fHliZ5nVqDdIuozhi5y1S-7fMTvMO53PLCRA/viewform?c=0&amp;w=1&amp;usp=mail_form_link">COMPLETE   ESTE   FORMULARIO</a>  </span> </strong></td>
</tr>
</tbody>
</table>
</td>
</tr>
</tbody>
</table>
<p><strong>Para mayor información comunicarse con:</strong><br />
Noris Rivarola<br />
(0261) 4054700<br />
<a href="mailto:promocioncomercial@promendoza.com">promocioncomercial@promendoza.com</a>    	</p>

<p>AGROPYMEX El Ministerio de Agroindustria de la Nación a través de la Secretaría de Mercados Agroindustriales, junto al Ministerio de Economía, Infraestructura y Energía de la Provincia de Mendoza y&#8230;</p>
