{"id":4691,"date":"2017-11-07T13:47:44","date_gmt":"2017-11-07T16:47:44","guid":{"rendered":"http:\/\/www.promendoza.com\/?post_type=tribe_events&amp;p=4691"},"modified":"2017-11-07T13:47:44","modified_gmt":"2017-11-07T16:47:44","slug":"seminario-internacional-de-la-nuez","status":"publish","type":"tribe_events","link":"https:\/\/www.promendoza.com\/en\/event\/seminario-internacional-de-la-nuez\/","title":{"rendered":"Seminario Internacional de la Nuez"},"content":{"rendered":"<style type=\"text\/css\"><\/style><h5 style=\"text-align: center;\"><strong>Nuts from Argentina<\/strong><\/h5>\n<p>En el Hotel Intercontinental, se realizar\u00e1 un Seminario el d\u00eda martes 21 de noviembre y el mi\u00e9rcoles 22 una Ronda de Negocios con importadores de Brasil, Italia y Emiratos \u00c1rabes.<\/p>\n<p><img loading=\"lazy\" class=\" wp-image-4698 alignright\" src=\"http:\/\/www.promendoza.com\/wp-content\/uploads\/2017\/11\/nueces-2-2.jpg\" alt=\"\" width=\"369\" height=\"282\" \/><\/p>\n<p>Durante la jornada de presentaciones, se presentar\u00e1 la posibilidad de conformar una Asociaci\u00f3n de Productores Nogaleros con el fin de dar m\u00e1s oportunidades para alcanzar el mercado externo en forma conjunta.<\/p>\n<p>Nuts from Argentina contar\u00e1 con dos charlas magistrales: la primera a cargo de Vittorio Bianchini de Chile, referente del sector Nogalero en su pa\u00eds, qui\u00e9n hablar\u00e1 sobre el Panorama Mundial de la Nuez y la asociatividad para crecer como sector.<\/p>\n<p>La segunda disertante ser\u00e1 Vania Di Mateo, especialista italiana, qui\u00e9n explicar\u00e1 c\u00f3mo es el Mercado Europeo de la Nuez.<br \/>\nPara culminar el d\u00eda 21, Juan Giugno y Nicol\u00e1s Rodr\u00edguez, dos ingenieros mendocinos, explicar\u00e1n las \u201cReconversi\u00f3n de un manejo tradicional de Nogales a un manejo intensivo\u201d.<\/p>\n<p><strong>Ronda Internacional<\/strong><br \/>\nDe 8:30 a 16 hs., ProMendoza junto con la Agencia Argentina de Inversiones, realizar\u00e1n una Ronda Inversa de Negocios, 20 empresas mendocinas tendr\u00e1n la oportunidad de vender su Nuez a importadores de Brasil, Italia y Los Emiratos \u00c1rabes.<\/p>\n<p>La inscripici\u00f3n y participaci\u00f3n es sin costo, pero con previa inscripci\u00f3n ya que los cupos son limitados.<\/p>\n<p>Para m\u00e1s informaci\u00f3n: frescos@promendoza.com \u2013 (0261) 4054700    \t<\/p>\n","protected":false},"excerpt":{"rendered":"<p>Nuts from Argentina En el Hotel Intercontinental, se realizar\u00e1 un Seminario el d\u00eda martes 21 de noviembre y el mi\u00e9rcoles 22 una Ronda de Negocios con importadores de Brasil, Italia&#8230;<\/p>\n","protected":false},"author":1,"featured_media":8246,"comment_status":"closed","ping_status":"closed","template":"","meta":[],"tags":[],"tribe_events_cat":[73],"_links":{"self":[{"href":"https:\/\/www.promendoza.com\/en\/wp-json\/wp\/v2\/tribe_events\/4691"}],"collection":[{"href":"https:\/\/www.promendoza.com\/en\/wp-json\/wp\/v2\/tribe_events"}],"about":[{"href":"https:\/\/www.promendoza.com\/en\/wp-json\/wp\/v2\/types\/tribe_events"}],"author":[{"embeddable":true,"href":"https:\/\/www.promendoza.com\/en\/wp-json\/wp\/v2\/users\/1"}],"replies":[{"embeddable":true,"href":"https:\/\/www.promendoza.com\/en\/wp-json\/wp\/v2\/comments?post=4691"}],"version-history":[{"count":0,"href":"https:\/\/www.promendoza.com\/en\/wp-json\/wp\/v2\/tribe_events\/4691\/revisions"}],"wp:featuredmedia":[{"embeddable":true,"href":"https:\/\/www.promendoza.com\/en\/wp-json\/wp\/v2\/media\/8246"}],"wp:attachment":[{"href":"https:\/\/www.promendoza.com\/en\/wp-json\/wp\/v2\/media?parent=4691"}],"wp:term":[{"taxonomy":"post_tag","embeddable":true,"href":"https:\/\/www.promendoza.com\/en\/wp-json\/wp\/v2\/tags?post=4691"},{"taxonomy":"tribe_events_cat","embeddable":true,"href":"https:\/\/www.promendoza.com\/en\/wp-json\/wp\/v2\/tribe_events_cat?post=4691"}],"curies":[{"name":"wp","href":"https:\/\/api.w.org\/{rel}","templated":true}]}}

<style type="text/css"></style><h5 style="text-align: center;"><strong>Nuts from Argentina</strong></h5>
<p>En el Hotel Intercontinental, se realizará un Seminario el día martes 21 de noviembre y el miércoles 22 una Ronda de Negocios con importadores de Brasil, Italia y Emiratos Árabes.</p>
<p><img loading="lazy" class=" wp-image-4698 alignright" src="http://www.promendoza.com/wp-content/uploads/2017/11/nueces-2-2.jpg" alt="" width="369" height="282" /></p>
<p>Durante la jornada de presentaciones, se presentará la posibilidad de conformar una Asociación de Productores Nogaleros con el fin de dar más oportunidades para alcanzar el mercado externo en forma conjunta.</p>
<p>Nuts from Argentina contará con dos charlas magistrales: la primera a cargo de Vittorio Bianchini de Chile, referente del sector Nogalero en su país, quién hablará sobre el Panorama Mundial de la Nuez y la asociatividad para crecer como sector.</p>
<p>La segunda disertante será Vania Di Mateo, especialista italiana, quién explicará cómo es el Mercado Europeo de la Nuez.<br />
Para culminar el día 21, Juan Giugno y Nicolás Rodríguez, dos ingenieros mendocinos, explicarán las “Reconversión de un manejo tradicional de Nogales a un manejo intensivo”.</p>
<p><strong>Ronda Internacional</strong><br />
De 8:30 a 16 hs., ProMendoza junto con la Agencia Argentina de Inversiones, realizarán una Ronda Inversa de Negocios, 20 empresas mendocinas tendrán la oportunidad de vender su Nuez a importadores de Brasil, Italia y Los Emiratos Árabes.</p>
<p>La inscripición y participación es sin costo, pero con previa inscripción ya que los cupos son limitados.</p>
<p>Para más información: frescos@promendoza.com – (0261) 4054700    	</p>

<p>Nuts from Argentina En el Hotel Intercontinental, se realizará un Seminario el día martes 21 de noviembre y el miércoles 22 una Ronda de Negocios con importadores de Brasil, Italia&#8230;</p>
