{"id":8419,"date":"2017-08-23T12:21:43","date_gmt":"2017-08-23T15:21:43","guid":{"rendered":"http:\/\/www.promendoza.com\/?post_type=tribe_events&amp;p=4272"},"modified":"2017-08-23T12:21:43","modified_gmt":"2017-08-23T15:21:43","slug":"foro-competitividad-de-las-exportaciones-regionales","status":"publish","type":"tribe_events","link":"https:\/\/www.promendoza.com\/en\/event\/foro-competitividad-de-las-exportaciones-regionales\/","title":{"rendered":"FORO: Competitividad de las Exportaciones Regionales"},"content":{"rendered":"<style type=\"text\/css\"><\/style><p><img loading=\"lazy\" class=\"alignnone wp-image-4273 size-full\" src=\"http:\/\/www.promendoza.com\/wp-content\/uploads\/2017\/08\/comexgroup-mendoza-agosto-encabezado-2.jpg\" alt=\"\" width=\"647\" height=\"556\" \/><\/p>\n<h4><span style=\"color: #993366\"><strong>Contenidos:<\/strong><\/span><\/h4>\n<p>Comunidad Portuaria \/ Exporta Simple Res. 4049-2017\/ Importaci\u00f3n Temporaria Dec. 1330-04\/ Importaci\u00f3n de L\u00edneas de Producci\u00f3n nuevas o usadas Res. 256 &#8211; Dec. 1174-16 \/ Nuevos Beneficios de la Ley de PYMEs.<\/p>\n<h4><\/h4>\n<h4><span style=\"color: #993366\"><strong>Disertantes:<\/strong><\/span><\/h4>\n<ul>\n<li><span style=\"color: #9c251c\"><strong>Gonzalo Mortola:<\/strong><\/span>\u00a0Interventor de la Administraci\u00f3n General de Puertos<\/li>\n<li><span style=\"color: #9c251c\"><strong>Carolina Cuenca:<\/strong>\u00a0<\/span>Directora de Exportaciones de la Secretar\u00eda de Comercio<\/li>\n<li><span style=\"color: #9c251c\"><strong>Franco Ponzano:<\/strong><\/span>\u00a0Gerente de Servicios del Conocimiento e Innovaci\u00f3n<\/li>\n<li><span style=\"color: #9c251c\"><strong>Nicole Morani Brown:<\/strong><\/span>\u00a0Responsable de RRII y Comunicaci\u00f3n de Ventanilla \u00danica de Comercio Exterior<\/li>\n<li><span style=\"color: #9c251c\"><strong>Dami\u00e1n Testori:<\/strong><\/span>\u00a0Subsecretario de Pol\u00edtica y Gesti\u00f3n PyME<\/li>\n<\/ul>\n<p>&nbsp;<\/p>\n<h5><span style=\"color: #9c251c\">Para mayor informaci\u00f3n comunicarse con:<\/span><\/h5>\n<p><strong>Noris Rivarola<\/strong><br \/>\npromocioncomercial@promendoza.com<br \/>\n(0261) 4054700    \t<\/p>\n","protected":false},"excerpt":{"rendered":"<p>Contenidos: Comunidad Portuaria \/ Exporta Simple Res. 4049-2017\/ Importaci\u00f3n Temporaria Dec. 1330-04\/ Importaci\u00f3n de L\u00edneas de Producci\u00f3n nuevas o usadas Res. 256 &#8211; Dec. 1174-16 \/ Nuevos Beneficios de la&#8230;<\/p>\n","protected":false},"author":1,"featured_media":0,"comment_status":"closed","ping_status":"closed","template":"","meta":[],"tags":[],"tribe_events_cat":[62],"_links":{"self":[{"href":"https:\/\/www.promendoza.com\/en\/wp-json\/wp\/v2\/tribe_events\/8419"}],"collection":[{"href":"https:\/\/www.promendoza.com\/en\/wp-json\/wp\/v2\/tribe_events"}],"about":[{"href":"https:\/\/www.promendoza.com\/en\/wp-json\/wp\/v2\/types\/tribe_events"}],"author":[{"embeddable":true,"href":"https:\/\/www.promendoza.com\/en\/wp-json\/wp\/v2\/users\/1"}],"replies":[{"embeddable":true,"href":"https:\/\/www.promendoza.com\/en\/wp-json\/wp\/v2\/comments?post=8419"}],"version-history":[{"count":0,"href":"https:\/\/www.promendoza.com\/en\/wp-json\/wp\/v2\/tribe_events\/8419\/revisions"}],"wp:attachment":[{"href":"https:\/\/www.promendoza.com\/en\/wp-json\/wp\/v2\/media?parent=8419"}],"wp:term":[{"taxonomy":"post_tag","embeddable":true,"href":"https:\/\/www.promendoza.com\/en\/wp-json\/wp\/v2\/tags?post=8419"},{"taxonomy":"tribe_events_cat","embeddable":true,"href":"https:\/\/www.promendoza.com\/en\/wp-json\/wp\/v2\/tribe_events_cat?post=8419"}],"curies":[{"name":"wp","href":"https:\/\/api.w.org\/{rel}","templated":true}]}}

<style type="text/css"></style><p><img loading="lazy" class="alignnone wp-image-4273 size-full" src="http://www.promendoza.com/wp-content/uploads/2017/08/comexgroup-mendoza-agosto-encabezado-2.jpg" alt="" width="647" height="556" /></p>
<h4><span style="color: #993366"><strong>Contenidos:</strong></span></h4>
<p>Comunidad Portuaria / Exporta Simple Res. 4049-2017/ Importación Temporaria Dec. 1330-04/ Importación de Líneas de Producción nuevas o usadas Res. 256 &#8211; Dec. 1174-16 / Nuevos Beneficios de la Ley de PYMEs.</p>
<h4></h4>
<h4><span style="color: #993366"><strong>Disertantes:</strong></span></h4>
<ul>
<li><span style="color: #9c251c"><strong>Gonzalo Mortola:</strong></span> Interventor de la Administración General de Puertos</li>
<li><span style="color: #9c251c"><strong>Carolina Cuenca:</strong> </span>Directora de Exportaciones de la Secretaría de Comercio</li>
<li><span style="color: #9c251c"><strong>Franco Ponzano:</strong></span> Gerente de Servicios del Conocimiento e Innovación</li>
<li><span style="color: #9c251c"><strong>Nicole Morani Brown:</strong></span> Responsable de RRII y Comunicación de Ventanilla Única de Comercio Exterior</li>
<li><span style="color: #9c251c"><strong>Damián Testori:</strong></span> Subsecretario de Política y Gestión PyME</li>
</ul>
<p>&nbsp;</p>
<h5><span style="color: #9c251c">Para mayor información comunicarse con:</span></h5>
<p><strong>Noris Rivarola</strong><br />
promocioncomercial@promendoza.com<br />
(0261) 4054700    	</p>

<p>Contenidos: Comunidad Portuaria / Exporta Simple Res. 4049-2017/ Importación Temporaria Dec. 1330-04/ Importación de Líneas de Producción nuevas o usadas Res. 256 &#8211; Dec. 1174-16 / Nuevos Beneficios de la&#8230;</p>
