{"id":12791,"date":"2023-01-09T14:01:11","date_gmt":"2023-01-09T14:01:11","guid":{"rendered":"https:\/\/www.promendoza.com\/es\/?post_type=tribe_events&#038;p=12791"},"modified":"2023-01-09T14:01:11","modified_gmt":"2023-01-09T14:01:11","slug":"mision-comercial-de-vinos-a-estados-unidos-2023-vinexpo","status":"publish","type":"tribe_events","link":"https:\/\/www.promendoza.com\/es\/event\/mision-comercial-de-vinos-a-estados-unidos-2023-vinexpo\/","title":{"rendered":"Misi\u00f3n Comercial de Vinos a Estados Unidos 2023 &#8211; VINEXPO"},"content":{"rendered":"<style type=\"text\/css\"><\/style><p><span style=\"font-family: lato, helvetica neue, helvetica, arial, sans-serif;\">ProMendoza, el Consejo\u00a0Federal de Inversiones y la Agencia Argentina de Inversiones y Comercio Internacional, convocan a la <strong>Misi\u00f3n Comercial de vinos a Estados Unidos 2023,<\/strong>\u00a0 que se desarrollar\u00e1 del 7 al 15 de marzo y contar\u00e1 con participaci\u00f3n en la feria <strong>Vinexpo America, en Nueva York, <\/strong>del 8 y 9 de marzo<strong> y una Ronda de Negocios en el Estado de Texas,\u00a0<\/strong>los d\u00edas 13 y 14 del mismo mes.<\/span><\/p>\n<p>&nbsp;<\/p>\n<p><strong>Sector de inter\u00e9s:<\/strong><\/p>\n<p>Vinos<\/p>\n<p>&nbsp;<\/p>\n<p>Para mayor informaci\u00f3n comunicarse con:<\/p>\n<p><strong>JAVIER ROJAS<\/strong><\/p>\n<p>regionaluco2@promendoza.com<\/p>\n<p>(02622) 425543<\/p>\n","protected":false},"excerpt":{"rendered":"<p>ProMendoza, el Consejo\u00a0Federal de Inversiones y la Agencia Argentina de Inversiones y Comercio Internacional, convocan a la Misi\u00f3n Comercial de vinos a Estados Unidos 2023,\u00a0 que se desarrollar\u00e1 del 7&#8230;<\/p>\n","protected":false},"author":1,"featured_media":12792,"comment_status":"closed","ping_status":"closed","template":"","meta":[],"tags":[],"tribe_events_cat":[61],"_links":{"self":[{"href":"https:\/\/www.promendoza.com\/es\/wp-json\/wp\/v2\/tribe_events\/12791"}],"collection":[{"href":"https:\/\/www.promendoza.com\/es\/wp-json\/wp\/v2\/tribe_events"}],"about":[{"href":"https:\/\/www.promendoza.com\/es\/wp-json\/wp\/v2\/types\/tribe_events"}],"author":[{"embeddable":true,"href":"https:\/\/www.promendoza.com\/es\/wp-json\/wp\/v2\/users\/1"}],"replies":[{"embeddable":true,"href":"https:\/\/www.promendoza.com\/es\/wp-json\/wp\/v2\/comments?post=12791"}],"version-history":[{"count":1,"href":"https:\/\/www.promendoza.com\/es\/wp-json\/wp\/v2\/tribe_events\/12791\/revisions"}],"predecessor-version":[{"id":12793,"href":"https:\/\/www.promendoza.com\/es\/wp-json\/wp\/v2\/tribe_events\/12791\/revisions\/12793"}],"wp:featuredmedia":[{"embeddable":true,"href":"https:\/\/www.promendoza.com\/es\/wp-json\/wp\/v2\/media\/12792"}],"wp:attachment":[{"href":"https:\/\/www.promendoza.com\/es\/wp-json\/wp\/v2\/media?parent=12791"}],"wp:term":[{"taxonomy":"post_tag","embeddable":true,"href":"https:\/\/www.promendoza.com\/es\/wp-json\/wp\/v2\/tags?post=12791"},{"taxonomy":"tribe_events_cat","embeddable":true,"href":"https:\/\/www.promendoza.com\/es\/wp-json\/wp\/v2\/tribe_events_cat?post=12791"}],"curies":[{"name":"wp","href":"https:\/\/api.w.org\/{rel}","templated":true}]}}

Misión Comercial de Vinos a Estados Unidos 2023 &#8211; VINEXPO

<style type="text/css"></style><p><span style="font-family: lato, helvetica neue, helvetica, arial, sans-serif;">ProMendoza, el Consejo Federal de Inversiones y la Agencia Argentina de Inversiones y Comercio Internacional, convocan a la <strong>Misión Comercial de vinos a Estados Unidos 2023,</strong>  que se desarrollará del 7 al 15 de marzo y contará con participación en la feria <strong>Vinexpo America, en Nueva York, </strong>del 8 y 9 de marzo<strong> y una Ronda de Negocios en el Estado de Texas, </strong>los días 13 y 14 del mismo mes.</span></p>
<p>&nbsp;</p>
<p><strong>Sector de interés:</strong></p>
<p>Vinos</p>
<p>&nbsp;</p>
<p>Para mayor información comunicarse con:</p>
<p><strong>JAVIER ROJAS</strong></p>
<p>regionaluco2@promendoza.com</p>
<p>(02622) 425543</p>

<p>ProMendoza, el Consejo Federal de Inversiones y la Agencia Argentina de Inversiones y Comercio Internacional, convocan a la Misión Comercial de vinos a Estados Unidos 2023,  que se desarrollará del 7&#8230;</p>
