{"id":4336,"date":"2017-08-25T11:14:46","date_gmt":"2017-08-25T14:14:46","guid":{"rendered":"http:\/\/www.promendoza.com\/?post_type=tribe_events&amp;p=4336"},"modified":"2017-08-25T11:14:46","modified_gmt":"2017-08-25T14:14:46","slug":"foro-industrial-mendoza","status":"publish","type":"tribe_events","link":"https:\/\/www.promendoza.com\/es\/event\/foro-industrial-mendoza\/","title":{"rendered":"Foro Industrial Mendoza"},"content":{"rendered":"<style type=\"text\/css\"><\/style><p>El 25 Y 26 de septiembre se realizar\u00e1 en el Auditorio Angel Bustelo el Foro Industrial Mendoza, organizado por la Uni\u00f3n Industrial de Mendoza, que agrupa a las c\u00e1maras empresariales de la provincia. ProMendoza est\u00e1 organizando actualmente su participaci\u00f3n en el foro especialmente en cuanto a metalmec\u00e1nica relacionada al sector Oil &amp; Gas.    \t<\/p>\n","protected":false},"excerpt":{"rendered":"<p>El 25 Y 26 de septiembre se realizar\u00e1 en el Auditorio Angel Bustelo el Foro Industrial Mendoza, organizado por la Uni\u00f3n Industrial de Mendoza, que agrupa a las c\u00e1maras empresariales&#8230;<\/p>\n","protected":false},"author":1,"featured_media":8240,"comment_status":"closed","ping_status":"closed","template":"","meta":[],"tags":[],"tribe_events_cat":[67,63],"_links":{"self":[{"href":"https:\/\/www.promendoza.com\/es\/wp-json\/wp\/v2\/tribe_events\/4336"}],"collection":[{"href":"https:\/\/www.promendoza.com\/es\/wp-json\/wp\/v2\/tribe_events"}],"about":[{"href":"https:\/\/www.promendoza.com\/es\/wp-json\/wp\/v2\/types\/tribe_events"}],"author":[{"embeddable":true,"href":"https:\/\/www.promendoza.com\/es\/wp-json\/wp\/v2\/users\/1"}],"replies":[{"embeddable":true,"href":"https:\/\/www.promendoza.com\/es\/wp-json\/wp\/v2\/comments?post=4336"}],"version-history":[{"count":0,"href":"https:\/\/www.promendoza.com\/es\/wp-json\/wp\/v2\/tribe_events\/4336\/revisions"}],"wp:featuredmedia":[{"embeddable":true,"href":"https:\/\/www.promendoza.com\/es\/wp-json\/wp\/v2\/media\/8240"}],"wp:attachment":[{"href":"https:\/\/www.promendoza.com\/es\/wp-json\/wp\/v2\/media?parent=4336"}],"wp:term":[{"taxonomy":"post_tag","embeddable":true,"href":"https:\/\/www.promendoza.com\/es\/wp-json\/wp\/v2\/tags?post=4336"},{"taxonomy":"tribe_events_cat","embeddable":true,"href":"https:\/\/www.promendoza.com\/es\/wp-json\/wp\/v2\/tribe_events_cat?post=4336"}],"curies":[{"name":"wp","href":"https:\/\/api.w.org\/{rel}","templated":true}]}}

<style type="text/css"></style><p>El 25 Y 26 de septiembre se realizará en el Auditorio Angel Bustelo el Foro Industrial Mendoza, organizado por la Unión Industrial de Mendoza, que agrupa a las cámaras empresariales de la provincia. ProMendoza está organizando actualmente su participación en el foro especialmente en cuanto a metalmecánica relacionada al sector Oil &amp; Gas.    	</p>

<p>El 25 Y 26 de septiembre se realizará en el Auditorio Angel Bustelo el Foro Industrial Mendoza, organizado por la Unión Industrial de Mendoza, que agrupa a las cámaras empresariales&#8230;</p>
