{"id":8410,"date":"2017-07-03T11:29:58","date_gmt":"2017-07-03T14:29:58","guid":{"rendered":"http:\/\/www.promendoza.com\/?post_type=tribe_events&amp;p=4092"},"modified":"2017-07-03T11:29:58","modified_gmt":"2017-07-03T14:29:58","slug":"escenario-mundial-y-el-desafio-de-internacionalizar-tu-empresa-2","status":"publish","type":"tribe_events","link":"https:\/\/www.promendoza.com\/es\/event\/escenario-mundial-y-el-desafio-de-internacionalizar-tu-empresa-2\/","title":{"rendered":"Escenario mundial y el desaf\u00edo de internacionalizar tu empresa"},"content":{"rendered":"<style type=\"text\/css\"><\/style><p>Se organizar\u00e1n 2 charlas en el Sur de la provincia, en las cuales el gerente general de ProMendoza hablar\u00e1 sobre el escenario mundial y el desaf\u00edo de internacionalizar una empresa. Adem\u00e1s, se presentar\u00e1n las herramientas de financiamiento que ofrece la Fundaci\u00f3n, que son los Programas Pymexporta y de Desarrollo de Nuevos Exportadores (NEX).<\/p>\n<p>Durante la jornada el primer encuentro se desarrollar\u00e1 en la C\u00e1mara de Comercio, Industria y Agropecuaria,\u00a0Avenida El Libertador 78, San Rafael, de 9:00 a 10:30 hs.<br \/>\nLuego la segunda reuni\u00f3n ser\u00e1 en el\u00a0Sal\u00f3n de Usos M\u00faltiples de Cooperativa SECSAGAL,\u00a0Av. Libertador Sur y Zamenhof, de 11:30 a 13:00 horas.<\/p>\n<p>Los interesados podr\u00e1n confirmar su presencia con la Sra. Virginia Donati, al mail: regionalsur@promendoza.com o al tel\u00e9fono (0260) 4426471.    \t<\/p>\n","protected":false},"excerpt":{"rendered":"<p>Se organizar\u00e1n 2 charlas en el Sur de la provincia, en las cuales el gerente general de ProMendoza hablar\u00e1 sobre el escenario mundial y el desaf\u00edo de internacionalizar una empresa&#8230;.<\/p>\n","protected":false},"author":1,"featured_media":8191,"comment_status":"closed","ping_status":"closed","template":"","meta":[],"tags":[],"tribe_events_cat":[62],"_links":{"self":[{"href":"https:\/\/www.promendoza.com\/es\/wp-json\/wp\/v2\/tribe_events\/8410"}],"collection":[{"href":"https:\/\/www.promendoza.com\/es\/wp-json\/wp\/v2\/tribe_events"}],"about":[{"href":"https:\/\/www.promendoza.com\/es\/wp-json\/wp\/v2\/types\/tribe_events"}],"author":[{"embeddable":true,"href":"https:\/\/www.promendoza.com\/es\/wp-json\/wp\/v2\/users\/1"}],"replies":[{"embeddable":true,"href":"https:\/\/www.promendoza.com\/es\/wp-json\/wp\/v2\/comments?post=8410"}],"version-history":[{"count":0,"href":"https:\/\/www.promendoza.com\/es\/wp-json\/wp\/v2\/tribe_events\/8410\/revisions"}],"wp:featuredmedia":[{"embeddable":true,"href":"https:\/\/www.promendoza.com\/es\/wp-json\/wp\/v2\/media\/8191"}],"wp:attachment":[{"href":"https:\/\/www.promendoza.com\/es\/wp-json\/wp\/v2\/media?parent=8410"}],"wp:term":[{"taxonomy":"post_tag","embeddable":true,"href":"https:\/\/www.promendoza.com\/es\/wp-json\/wp\/v2\/tags?post=8410"},{"taxonomy":"tribe_events_cat","embeddable":true,"href":"https:\/\/www.promendoza.com\/es\/wp-json\/wp\/v2\/tribe_events_cat?post=8410"}],"curies":[{"name":"wp","href":"https:\/\/api.w.org\/{rel}","templated":true}]}}

Escenario mundial y el desafío de internacionalizar tu empresa

<style type="text/css"></style><p>Se organizarán 2 charlas en el Sur de la provincia, en las cuales el gerente general de ProMendoza hablará sobre el escenario mundial y el desafío de internacionalizar una empresa. Además, se presentarán las herramientas de financiamiento que ofrece la Fundación, que son los Programas Pymexporta y de Desarrollo de Nuevos Exportadores (NEX).</p>
<p>Durante la jornada el primer encuentro se desarrollará en la Cámara de Comercio, Industria y Agropecuaria, Avenida El Libertador 78, San Rafael, de 9:00 a 10:30 hs.<br />
Luego la segunda reunión será en el Salón de Usos Múltiples de Cooperativa SECSAGAL, Av. Libertador Sur y Zamenhof, de 11:30 a 13:00 horas.</p>
<p>Los interesados podrán confirmar su presencia con la Sra. Virginia Donati, al mail: regionalsur@promendoza.com o al teléfono (0260) 4426471.    	</p>

<p>Se organizarán 2 charlas en el Sur de la provincia, en las cuales el gerente general de ProMendoza hablará sobre el escenario mundial y el desafío de internacionalizar una empresa&#8230;.</p>
