{"id":8421,"date":"2017-08-28T09:10:45","date_gmt":"2017-08-28T12:10:45","guid":{"rendered":"http:\/\/www.promendoza.com\/?post_type=tribe_events&amp;p=4344"},"modified":"2017-08-28T09:10:45","modified_gmt":"2017-08-28T12:10:45","slug":"jornada-exportaciones","status":"publish","type":"tribe_events","link":"https:\/\/www.promendoza.com\/es\/event\/jornada-exportaciones\/","title":{"rendered":"Jornada &#8211; EXPORTACIONES"},"content":{"rendered":"<style type=\"text\/css\"><\/style><h1 style=\"text-align: center\"><span style=\"color: #000000\"><strong>C\u00f3mo agilizar el tr\u00e1mite para recuperar <\/strong><\/span><\/h1>\n<h1 style=\"text-align: center\"><span style=\"color: #000000\"><strong>el IVA por exportaci\u00f3n<\/strong><\/span><\/h1>\n<h5><\/h5>\n<p>ProMendoza, trabajando activamente junto con la Administraci\u00f3n Federal de Ingresos P\u00fablicos<strong> (AFIP),<\/strong> en procura de acelerar los procesos de IVA a favor del sector exportador, lo invita a participar de una jornada de interacci\u00f3n p\u00fablico &#8211; privada, a realizarse el <strong>jueves 31 de agosto, a las 12:30 hs., en ASINMET.<\/strong><\/p>\n<p><strong>Temario:<\/strong><\/p>\n<ul>\n<li>Unificaci\u00f3n de criterios para la realizaci\u00f3n del tr\u00e1mite de recupero del IVA por exportaciones<\/li>\n<li>Capacitaci\u00f3n para exportadores &#8211; Requisitos para la presentaci\u00f3n ante AFIP<\/li>\n<\/ul>\n<hr \/>\n<h6><strong>Disertante:<\/strong> Ctdor. Alejandro Abaca, Jefe Regional de AFIP &#8211; Mendoza<\/h6>\n<h6><strong>Lugar:<\/strong> Acceso Este &#8211; Lateral Norte 868, Guaymall\u00e9n<\/h6>\n<p>&nbsp;<\/p>\n<h5><span style=\"color: #0000ff\"><strong>Confirmaciones:<\/strong><\/span><\/h5>\n<p><span style=\"color: #0000ff\"><strong>Guillermo Martinez<\/strong> \u00a0&#8211; \u00a0metalmecanica@promendoza.com \u00a0&#8211; \u00a0(0261) 4054700<\/span><\/p>\n<h5 style=\"text-align: center\"><span style=\"color: #339966\"><strong>Entrada libre y gratuita &#8211; cupos limitados.<\/strong><\/span><\/h5>\n<p>&nbsp;<\/p>\n<p><img loading=\"lazy\" class=\"alignnone wp-image-4369 size-full\" src=\"http:\/\/www.promendoza.com\/wp-content\/uploads\/2017\/08\/logo-afip-asinmet-2.png\" alt=\"\" width=\"889\" height=\"104\" \/>    \t<\/p>\n","protected":false},"excerpt":{"rendered":"<p>C\u00f3mo agilizar el tr\u00e1mite para recuperar el IVA por exportaci\u00f3n ProMendoza, trabajando activamente junto con la Administraci\u00f3n Federal de Ingresos P\u00fablicos (AFIP), en procura de acelerar los procesos de IVA&#8230;<\/p>\n","protected":false},"author":1,"featured_media":8232,"comment_status":"closed","ping_status":"closed","template":"","meta":[],"tags":[],"tribe_events_cat":[62],"_links":{"self":[{"href":"https:\/\/www.promendoza.com\/es\/wp-json\/wp\/v2\/tribe_events\/8421"}],"collection":[{"href":"https:\/\/www.promendoza.com\/es\/wp-json\/wp\/v2\/tribe_events"}],"about":[{"href":"https:\/\/www.promendoza.com\/es\/wp-json\/wp\/v2\/types\/tribe_events"}],"author":[{"embeddable":true,"href":"https:\/\/www.promendoza.com\/es\/wp-json\/wp\/v2\/users\/1"}],"replies":[{"embeddable":true,"href":"https:\/\/www.promendoza.com\/es\/wp-json\/wp\/v2\/comments?post=8421"}],"version-history":[{"count":0,"href":"https:\/\/www.promendoza.com\/es\/wp-json\/wp\/v2\/tribe_events\/8421\/revisions"}],"wp:featuredmedia":[{"embeddable":true,"href":"https:\/\/www.promendoza.com\/es\/wp-json\/wp\/v2\/media\/8232"}],"wp:attachment":[{"href":"https:\/\/www.promendoza.com\/es\/wp-json\/wp\/v2\/media?parent=8421"}],"wp:term":[{"taxonomy":"post_tag","embeddable":true,"href":"https:\/\/www.promendoza.com\/es\/wp-json\/wp\/v2\/tags?post=8421"},{"taxonomy":"tribe_events_cat","embeddable":true,"href":"https:\/\/www.promendoza.com\/es\/wp-json\/wp\/v2\/tribe_events_cat?post=8421"}],"curies":[{"name":"wp","href":"https:\/\/api.w.org\/{rel}","templated":true}]}}

<style type="text/css"></style><h1 style="text-align: center"><span style="color: #000000"><strong>Cómo agilizar el trámite para recuperar </strong></span></h1>
<h1 style="text-align: center"><span style="color: #000000"><strong>el IVA por exportación</strong></span></h1>
<h5></h5>
<p>ProMendoza, trabajando activamente junto con la Administración Federal de Ingresos Públicos<strong> (AFIP),</strong> en procura de acelerar los procesos de IVA a favor del sector exportador, lo invita a participar de una jornada de interacción público &#8211; privada, a realizarse el <strong>jueves 31 de agosto, a las 12:30 hs., en ASINMET.</strong></p>
<p><strong>Temario:</strong></p>
<ul>
<li>Unificación de criterios para la realización del trámite de recupero del IVA por exportaciones</li>
<li>Capacitación para exportadores &#8211; Requisitos para la presentación ante AFIP</li>
</ul>
<hr />
<h6><strong>Disertante:</strong> Ctdor. Alejandro Abaca, Jefe Regional de AFIP &#8211; Mendoza</h6>
<h6><strong>Lugar:</strong> Acceso Este &#8211; Lateral Norte 868, Guaymallén</h6>
<p>&nbsp;</p>
<h5><span style="color: #0000ff"><strong>Confirmaciones:</strong></span></h5>
<p><span style="color: #0000ff"><strong>Guillermo Martinez</strong>  &#8211;  metalmecanica@promendoza.com  &#8211;  (0261) 4054700</span></p>
<h5 style="text-align: center"><span style="color: #339966"><strong>Entrada libre y gratuita &#8211; cupos limitados.</strong></span></h5>
<p>&nbsp;</p>
<p><img loading="lazy" class="alignnone wp-image-4369 size-full" src="http://www.promendoza.com/wp-content/uploads/2017/08/logo-afip-asinmet-2.png" alt="" width="889" height="104" />    	</p>

<p>Cómo agilizar el trámite para recuperar el IVA por exportación ProMendoza, trabajando activamente junto con la Administración Federal de Ingresos Públicos (AFIP), en procura de acelerar los procesos de IVA&#8230;</p>
